35?
7
What is the hundred thousands digit of 1407588105?
5
What is the ten thousands digit of 42128546?
2
What is the thousands digit of 1383653294?
3
What is the hundreds digit of 42138449?
4
What is the hundred millions digit of 180659948?
1
What is the hundred millions digit of 182808634?
1
What is the billions digit of 1516253797?
1
What is the tens digit of 113498570?
7
What is the millions digit of 273768703?
3
What is the tens digit of 1801020866?
6
What is the thousands digit of 3607513160?
3
What is the hundred thousands digit of 1032669922?
6
What is the ten millions digit of 190915014?
9
What is the ten thousands digit of 29410316?
1
What is the tens digit of 53987496?
9
What is the hundred thousands digit of 28902836?
9
What is the thousands digit of 125269437?
9
What is the units digit of 127105857?
7
What is the ten millions digit of 27773296?
2
What is the hundred thousands digit of 177704046?
7
What is the hundred millions digit of 314814246?
3
What is the ten millions digit of 344099008?
4
What is the tens digit of 1432750149?
4
What is the units digit of 6231125725?
5
What is the tens digit of 62332776?
7
What is the ten millions digit of 110147961?
1
What is the thousands digit of 1352997615?
7
What is the tens digit of 239053203?
0
What is the thousands digit of 143711860?
1
What is the millions digit of 191140894?
1
What is the hundred thousands digit of 146498726?
4
What is the units digit of 27388486?
6
What is the tens digit of 38117363?
6
What is the hundred thousands digit of 332246220?
2
What is the units digit of 355979228?
8
What is the hundreds digit of 34455938?
9
What is the millions digit of 440870915?
0
What is the tens digit of 7881571756?
5
What is the tens digit of 91479111?
1
What is the tens digit of 14109181?
8
What is the hundred millions digit of 6891137392?
8
What is the thousands digit of 4239893913?
3
What is the hundreds digit of 66716472?
4
What is the millions digit of 478797782?
8
What is the hundred millions digit of 283679417?
2
What is the hundreds digit of 20929388?
3
What is the ten millions digit of 762111231?
6
What is the tens digit of 1425381644?
4
What is the units digit of 82549852?
2
What is the thousands digit of 726852472?
2
What is the ten thousands digit of 2738180?
3
What is the hundred thousands digit of 85920503?
9
What is the millions digit of 3862091010?
2
What is the hundreds digit of 27524596?
5
What is the hundred thousands digit of 132112934?
1
What is the millions digit of 43845359?
3
What is the hundred millions digit of 2741206839?
7
What is the units digit of 2290070729?
9
What is the hundred thousands digit of 1027117231?
1
What is the ten millions digit of 5350129878?
5
What is the millions digit of 903102954?
3
What is the hundred thousands digit of 3073710784?
7
What is the millions digit of 71169970?
1
What is the hundreds digit of 738790983?
9
What is the hundred thousands digit of 58912040?
9
What is the thousands digit of 2268853944?
3
What is the millions digit of 82606326?
2
What is the tens digit of 1853606417?
1
What is the millions digit of 28631934?
8
What is the tens digit of 134625791?
9
What is the millions digit of 1202616410?
2
What is the tens digit of 105607995?
9
What is the units digit of 1410982842?
2
What is the tens digit of 53609674?
7
What is the ten thousands digit of 768982376?
8
What is the billions digit of 1703649346?
1
What is the units digit of 72758047?
7
What is the units digit of 236811027?
7
What is the millions digit of 345083850?
5
What is the thousands digit of 109595721?
5
What is the ten millions digit of 2111298517?
1
What is the millions digit of 308760119?
8
What is the hundreds digit of 193549529?
5
What is the millions digit of 7591866?
7
What is the ten thousands digit of 327022038?
2
What is the ten millions digit of 233201895?
3
What is the units digit of 902654819?
9
What is the hundreds digit of 2046864220?
2
What is the thousands digit of 1963376901?
6
What is the hundred millions digit of 651565197?
6
What is the ten thousands digit of 706074064?
7
What is the hundred thousands digit of 396556979?
5
What is the ten millions digit of 370372575?
7
What is the hundreds digit of 727845734?
7
What is the ten millions digit of 712292879?
1
What is the thousands digit of 51788375?
8
What is the ten millions digit of 108729912?
0
What is the thousands digit of 107988102?
8
What is the thousands digit of 3660250900?
0
What is the ten thousands digit of 4437311707?
1
What is the ten millions digit of 1220872727?
2
What is the ten millions digit of 48784674?
4
What is the ten millions digit of 573529265?
7
What is the ten millions digit of 94313680?
9
What is the hundred thousands digit of 23789946?
7
What is the hundred millions digit of 2158646424?
1
What is the thousands digit of 4260153960?
3
What is the hundred thousands digit of 19110357?
1
What is the units digit of 12771803?
3
What is the hundreds digit of 9405801?
8
What is the units digit of 139705569?
9
What is the millions digit of 43374123?
3
What is the ten millions digit of 1098384232?
9
What is the thousands digit of 213634307?
4
What is the hundred thousands digit of 68931573?
9
What is the ten millions digit of 100213264?
0
What is the thousands digit of 49434060?
4
What is the thousands digit of 94309042?
9
What is the hundred thousands digit of 209083440?
0
What is the ten thousands digit of 1442575339?
7
What is the tens digit of 8105416653?
5
What is the ten thousands digit of 9788579?
8
What is the units digit of 983163982?
2
What is the hundred thousands digit of 119852294?
8
What is the ten millions digit of 4588474399?
8
What is the millions digit of 139720696?
9
What is the hundreds digit of 37842839?
8
What is the hundred millions digit of 1349186968?
3
What is the ten thousands digit of 59301463?
0
What is the hundred thousands digit of 373258306?
2
What is the ten millions digit of 20813485?
2
What is the tens digit of 299992565?
6
What is the tens digit of 525709029?
2
What is the tens digit of 7603987?
8
What is the hundred thousands digit of 4520719581?
7
What is the millions digit of 520935410?
0
What is the thousands digit of 9470240?
0
What is the ten thousands digit of 49811484?
1
What is the units digit of 10798646?
6
What is the hundred millions digit of 4712281508?
7
What is the hundred thousands digit of 388429040?
4
What is the ten millions digit of 74220563?
7
What is the hundred thousands digit of 1014336908?
3
What is the hundreds digit of 210655272?
2
What is the units digit of 18781716?
6
What is the hundred thousands digit of 33335869?
3
What is the ten thousands digit of 219028212?
2
What is the ten thousands digit of 632134269?
3
What is the ten millions digit of 37181994?
3
What is the ten thousands digit of 87405080?
0
What is the tens digit of 126035791?
9
What is the tens digit of 168892122?
2
What is the units digit of 312111294?
4
What is the millions digit of 16732904?
6
What is the units digit of 241305591?
1
What is the hundred thousands digit of 65131990?
1
What is the millions digit of 14543837?
4
What is the thousands digit of 144752447?
2
What is the ten millions digit of 13051669?
1
What is the hundred millions digit of 1093043977?
0
What is the units digit of 233359777?
7
What is the tens digit of 99377726?
2
What is the hundreds digit of 2307888933?
9
What is the hundreds digit of 41179981?
9
What is the tens digit of 3926105042?
4
What is the units digit of 6803127186?
6
What is the tens digit of 181393767?
6
What is the hundreds digit of 234874795?
7
What is the hundreds digit of 1496356451?
4
What is the ten millions digit of 510785886?
1
What is the millions digit of 36507973?
6
What is the ten millions digit of 29784850?
2
What is the thousands digit of 12017854?
7
What is the hundred thousands digit of 765644495?
6
What is the hundred thousands digit of 557832312?
8
What is the ten thousands digit of 576952500?
5
What is the hundred thousands digit of 1153886520?
8
What is the units digit of 1698410576?
6
What is the hundreds digit of 89619044?
0
What is the units digit of 288462990?
0
What is the hundred thousands digit of 6396695777?
6
What is the thousands digit of 1897740711?
0
What is the ten